 -f - 5. Let i be j(-8). Let t = i - b. Calculate the highest common factor of 22 and t.
2
Let j = -16 - -14. Suppose 5 = 4*d + 1. Let f be (121 - (j + d)) + -1. Calculate the highest common divisor of 11 and f.
11
Let c = 3 - -3. Let r(f) = 9*f + 10. Let s be r(c). What is the greatest common factor of s and 8?
8
Suppose 3 = w - 0. Let a be ((-12)/1)/((-1)/w). Suppose 3*q - 2*q = a. What is the highest common factor of q and 12?
12
Let u be 10 + 5/(15/(-6)). Let w be u*110/12*3. What is the highest common factor of w and 22?
22
Suppose 5*y + r = 59, 53 = 4*y - 8*r + 3*r. Let x be (20/(-8))/(-5)*0 - -24. What is the highest common divisor of x and y?
12
Let t = -34 - -43. What is the greatest common divisor of t and 36?
9
Suppose -5*y = 3*v - 22, -y = -0*y - 3*v - 8. Suppose -42 = -y*g - 12. What is the highest common factor of 18 and g?
6
Let h(z) = 2*z**2 + 9*z - 8. Suppose -6*l + 5*l = 6. Let a be h(l). Suppose p + 0*p = 4. What is the highest common divisor of p and a?
2
Suppose 3*w - 3*a - 4 - 8 = 0, -2 = w + 5*a. Calculate the greatest common divisor of w and 12.
3
Let c(k) = -7*k + 6. Let m be c(-3). Suppose 6*u = 447 - m. What is the highest common factor of u and 28?
14
Let b be (-8)/(-12) + (-286)/(-3). What is the highest common divisor of b and 48?
48
Let w be (11 - 7)*(1 + 0). What is the highest common factor of 28 and w?
4
Let a be 1 + (-1 - 9) + 2. Let t = a + 18. Suppose 4*g + 5*n - 132 = 0, -5*g + 0*n + 4*n + 165 = 0. Calculate the greatest common factor of g and t.
11
Suppose -2*r + 23 = 5*m, -m = -0*r - r + 1. Suppose -4 + 12 = z - 3*p, p = -m*z + 24. Calculate the greatest common factor of 72 and z.
8
Let u = -6 + 7. Let i(w) = 21*w**3 + 2*w**2 - w. Let c be i(u). Suppose 2*n - f = 31, n - c + 6 = f. What is the greatest common divisor of n and 3?
3
Suppose -4*l - 2*c - 2*c + 244 = 0, -2*l - 5*c = -110. Suppose -3*i = -100 - l. Let q = -9 + 20. What is the highest common factor of i and q?
11
Suppose 4*m - 94 = -4*w - 6, -w - 5*m = -34. Let y = -5 + w. What is the greatest common divisor of 14 and y?
14
Let h be (1590/24)/((-2)/(-8)). Suppose -h + 9 = -4*n. What is the greatest common factor of n and 8?
8
Suppose 0 = -35*z + 33*z + 48. What is the highest common factor of z and 3?
3
Suppose -4*v = 2*v - 60. What is the highest common divisor of v and 30?
10
Let u = -39 + 270. What is the highest common factor of 21 and u?
21
Let o(q) = q**2 + 9*q + 3. Let h be o(-9). Calculate the highest common factor of 9 and h.
3
Let g = -35 + 53. Let m = 53 - g. Let k be 2 - -1 - -1*2. Calculate the highest common divisor of m and k.
5
Suppose -4*h + 5*n + 8 = -3*h, 2*h - 11 = 5*n. Let q be 7 + (-5 - -4)*h. Calculate the highest common divisor of q and 32.
4
Let w(q) = 26*q - 1. Let t be w(6). Let n = -56 + t. What is the highest common factor of n and 9?
9
Suppose -p + 2 = 5*j, -3*j - 1 = 5*p - 33. Calculate the highest common factor of 7 and p.
7
Let q = -8 - -10. Suppose -4*o + q*n = -o - 139, o = -4*n + 37. Calculate the highest common divisor of o and 5.
5
Let a be 4/(-14) - (-886)/14. Suppose -q + 2*z = -2*q + 15, -4*q = -4*z - 24. Calculate the highest common divisor of a and q.
9
Let m be -1 - -74 - (-5 + 6). Suppose -3*b + 17 + 10 = 0. What is the highest common factor of m and b?
9
Let w be 10/(-25) - (-14)/10. Suppose -5*g + w = -24. What is the highest common divisor of g and 25?
5
Suppose 5*w + d - 1021 = 0, 5*w - 2*w - 4*d - 608 = 0. What is the greatest common divisor of w and 51?
51
Let y = -34 - -57. Let r be (-276)/6*(-7)/2. Calculate the greatest common divisor of r and y.
23
Suppose -1 = 3*i - 2*g - 8, -3*g + 22 = 2*i. Suppose -2*q - y = -483 + 173, -3*q = i*y - 472. Let k = -84 + q. Calculate the greatest common factor of 10 and k.
10
Suppose 14*v - 264 = 12*v. What is the greatest common factor of v and 33?
33
Let k be (22/8)/(4/16). Suppose 0 = -5*v + 2*g - 0*g + 65, 0 = 5*v - 5*g - 80. Calculate the highest common factor of v and k.
11
Suppose -3 + 9 = -3*s. Let n be (-6)/(s/(-6)*-1). Let j be 54/(-3)*4/(-6). What is the greatest common divisor of j and n?
6
Let t be (-146)/(-5) - 5/25. Calculate the highest common factor of 261 and t.
29
Suppose -4*p = -475 - 245. What is the greatest common factor of p and 20?
20
Suppose 9 = g + 2. Let l = -4 + g. What is the greatest common factor of 2 and l?
1
Let o = -5 - -5. Suppose 50 = 5*i - o. Calculate the greatest common factor of 1 and i.
1
Suppose 0 = -k, 7 = -v - 0*v - 4*k. Let h = v - -18. Let m be (-1 - -2 - 2) + 34. Calculate the highest common divisor of m and h.
11
Suppose 0 = o - 6*o - 415. Let y be 1/4 + o/(-4). Suppose -20 = -k + 2*w, -5*k + 3*k + 3*w = -37. Calculate the highest common divisor of y and k.
7
Let d(q) = q**3 + q - 14. Let u be d(0). Let a be 7/u*(-30)/1. What is the greatest common divisor of 45 and a?
15
Suppose -5*m = -3*o + 38, -1 = m - 0*m. What is the greatest common factor of 132 and o?
11
Let t be (-1)/5 + (-239)/5. Let m = 111 + t. What is the highest common divisor of m and 7?
7
Let a(v) = 7*v**2 - 9*v + 9. Let s be a(6). Suppose -49 = -2*k - 3. Calculate the greatest common divisor of k and s.
23
Suppose -1 = 5*x - 31. Let j(o) = -o**3 - 4*o**2 + 6*o - 2. Let l be j(-5). Let h = l + 13. Calculate the greatest common factor of x and h.
6
Suppose 4*s - 2*s - d - 9 = 0, -d = -1. Suppose 0 = -4*u - b + 21, 0 = 4*u - 2*b - 0*b - 18. Calculate the highest common divisor of u and s.
5
Suppose -31*p + 49 = 18. Suppose 8*g + 3*s - 47 = 4*g, -g + 2*s + 9 = 0. What is the highest common divisor of p and g?
1
Let l be (10/25)/(1/(-5)). Let m = 6 + l. What is the greatest common divisor of m and 12?
4
Suppose 0 = -3*k + 7 + 2. Calculate the highest common factor of k and 6.
3
Let y be ((-2)/4)/((-5)/800). Calculate the greatest common factor of 32 and y.
16
Let i(m) = -1 + 0 - 4 - 5 - 2*m. Let r be i(-9). Let b(p) = 25*p**2 + p. Let s be b(-1). Calculate the highest common factor of s and r.
8
Suppose 0 = 17*m - 9 - 8. Suppose -12 = -4*q + 4. Let k be 14/(-6)*(1 - q). Calculate the greatest common factor of k and m.
1
Suppose -n - 160 = -5*n. What is the greatest common divisor of 16 and n?
8
Suppose 28 = 3*m - 5*o, m - o - 26 = 4*o. Suppose -3 + m = -p. Let l be p + ((-127)/(-1) - 1). What is the highest common divisor of 16 and l?
16
Suppose 0*y - 5*u - 121 = -4*y, 3*y - 2*u - 96 = 0. What is the highest common divisor of 17 and y?
17
Suppose -2*c + 2 = 0, -3*r + 26 = 5*c - 54. Let a(f) = -6*f + 2. Let u be a(-3). Let i = -10 + u. What is the greatest common divisor of i and r?
5
Let m = -6 - -14. Calculate the greatest common divisor of 1 and m.
1
Let i = -135 - -259. What is the greatest common divisor of i and 31?
31
Suppose 0*u = -2*u + 26. What is the highest common factor of 91 and u?
13
Suppose 10 = 4*f + 2*i, -5 = -5*f - i + 6*i. What is the highest common divisor of f and 2?
2
Let d = 113 + -34. Let g = d - 55. Let z = 10 - 2. Calculate the highest common factor of z and g.
8
Let i = 7 - 3. Suppose 0 = 5*d + 4*w - 0*w - 1, 4*d = -2*w + 2. Calculate the greatest common divisor of d and i.
1
Let r be (-25)/(-10) + (-1)/(-2). Let q = -1 + r. Suppose 3*h - 191 = o, 3*h - q*o = 3*o + 175. Calculate the greatest common factor of 13 and h.
13
Suppose -3*w + 9 - 3 = 0. Let d be w/12 - 12530/(-60). What is the greatest common factor of 19 and d?
19
Let c be (-54)/(-12)*(16 - 2). Suppose -3*x - c = -4*x. What is the highest common divisor of 42 and x?
21
Let m(x) = -x**3 + 3*x + 36. Let r be m(0). Calculate the highest common factor of 24 and r.
12
Suppose -3*o = -8*o + 5. Suppose f + k - 2*k - 1 = 0, -f - k = -1. What is the greatest common divisor of o and f?
1
Let h be (-7)/((-56)/16) + -1 + 2. What is the highest common factor of 3 and h?
3
Let j be 8/36 + (-1699)/(-9). Calculate the greatest common divisor of 27 and j.
27
Let x be (24/(-16))/(3/(-200)). Let u be (-3)/2*50/(-3). What is the highest common factor of x and u?
25
Let s = 64 - 38. Let x = -6 + 32. Calculate the greatest common factor of x and s.
26
Suppose 3*p = r - 0*r - 10, 5*p - 2 = -r. Calculate the highest common factor of 14 and r.
7
Suppose -4*w + 0*w + 132 = 0. Let x be ((-6)/9)/((-1)/w). Let f be x*(-2)/(-2)*1. Calculate the highest common factor of 33 and f.
11
